{"id":20148,"date":"2023-07-03T10:12:48","date_gmt":"2023-07-03T10:12:48","guid":{"rendered":"https:\/\/uocraseccionalbahiablanca.com.ar\/cens464\/?page_id=20148"},"modified":"2023-07-03T11:55:14","modified_gmt":"2023-07-03T11:55:14","slug":"privacidad","status":"publish","type":"page","link":"https:\/\/uocraseccionalbahiablanca.com.ar\/cens464\/privacidad\/","title":{"rendered":"Privacidad"},"content":{"rendered":"\t\t<div data-elementor-type=\"wp-page\" data-elementor-id=\"20148\" class=\"elementor elementor-20148\" data-elementor-post-type=\"page\">\n\t\t\t\t\t\t<section data-particle_enable=\"false\" data-particle-mobile-disabled=\"false\" class=\"elementor-section elementor-top-section elementor-element elementor-element-e14c70c elementor-section-boxed elementor-section-height-default elementor-section-height-default\" data-id=\"e14c70c\" data-element_type=\"section\" data-e-type=\"section\">\n\t\t\t\t\t\t<div class=\"elementor-container elementor-column-gap-default\">\n\t\t\t\t\t<div class=\"elementor-column elementor-col-100 elementor-top-column elementor-element elementor-element-6170310\" data-id=\"6170310\" data-element_type=\"column\" data-e-type=\"column\">\n\t\t\t<div class=\"elementor-widget-wrap elementor-element-populated\">\n\t\t\t\t\t\t<div class=\"elementor-element elementor-element-b770735 elementor-widget elementor-widget-text-editor\" data-id=\"b770735\" data-element_type=\"widget\" data-e-type=\"widget\" data-widget_type=\"text-editor.default\">\n\t\t\t\t<div class=\"elementor-widget-container\">\n\t\t\t\t\t\t\t\t\t<section class=\"elementor-section elementor-top-section elementor-element elementor-element-f453e11 elementor-section-boxed elementor-section-height-default elementor-section-height-default\" data-id=\"f453e11\" data-element_type=\"section\">\n<div class=\"elementor-container elementor-column-gap-default\">\n<div class=\"elementor-column elementor-col-100 elementor-top-column elementor-element elementor-element-e41a72d\" data-id=\"e41a72d\" data-element_type=\"column\">\n<div class=\"elementor-widget-wrap elementor-element-populated\">\n<div class=\"elementor-element elementor-element-4995bda elementor-widget elementor-widget-heading\" data-id=\"4995bda\" data-element_type=\"widget\" data-widget_type=\"heading.default\">\n<div class=\"elementor-widget-container\">\n<h2 class=\"elementor-heading-title elementor-size-default\">Pol\u00edtica de privacidad<\/h2>\n<\/div>\n<\/div>\n<\/div>\n<\/div>\n<\/div>\n<\/section>\n<section class=\"elementor-section elementor-top-section elementor-element elementor-element-c70c1e2 elementor-section-boxed elementor-section-height-default elementor-section-height-default\" data-id=\"c70c1e2\" data-element_type=\"section\">\n<div class=\"elementor-container elementor-column-gap-default\">\n<div class=\"elementor-column elementor-col-100 elementor-top-column elementor-element elementor-element-ed2c79e\" data-id=\"ed2c79e\" data-element_type=\"column\">\n<div class=\"elementor-widget-wrap elementor-element-populated\">\n<div class=\"elementor-element elementor-element-697320c elementor-widget elementor-widget-text-editor\" data-id=\"697320c\" data-element_type=\"widget\" data-widget_type=\"text-editor.default\">\n<div class=\"elementor-widget-container\">\n<p>Pol\u00edtica y privacidad CENS N\u00b0464<\/p>\n<p>Las Pol\u00edticas de Privacidad del CENS establecen los t\u00e9rminos en que <a href=\"https:\/\/uocraseccionalbahiablanca.com.ar\/cens464\">uocraseccionalbahiablanca.com.ar\/cens464<\/a> usa y protege la informaci\u00f3n que es proporcionada por sus usuarios al momento de utilizar su sitio web. Estamos comprometidos con la seguridad de los datos de los usuarios. Cuando le pedimos llenar los campos de informaci\u00f3n personal con la cual usted pueda ser identificado, lo hacemos asegurando que s\u00f3lo se emplear\u00e1 de acuerdo con los t\u00e9rminos de este documento.<\/p>\n<h2>\u00bfC\u00f3mo se obtienen los datos?<\/h2>\n<p>Existen diferentes medios:<\/p>\n<ul>\n<li>Formulario de contacto<\/li>\n<li>Formulario de suscripci\u00f3n<\/li>\n<li>Env\u00edos de mails<\/li>\n<li>Cookies.<\/li>\n<\/ul>\n<h2>Que informaci\u00f3n es recogida.<\/h2>\n<p>Nuestro sitio web podr\u00e1 recoger informaci\u00f3n personal, por ejemplo: Nombre,&nbsp;informaci\u00f3n de contacto como&nbsp;su direcci\u00f3n de correo electr\u00f3nica e informaci\u00f3n demogr\u00e1fica. As\u00ed mismo cuando sea necesario podr\u00e1 ser requerida informaci\u00f3n espec\u00edfica para procesar alg\u00fan pedido o realizar una entrega o facturaci\u00f3n.<\/p>\n<h2>Uso de la informaci\u00f3n<\/h2>\n<p>Nuestro sitio web emplea la informaci\u00f3n con el fin de proporcionar el mejor servicio posible, mejorar su usabilidad, para mantener un registro de usuarios, de pedidos (en caso que aplique) y mejorar nuestros productos y servicios. &nbsp;Es posible que sean enviados correos electr\u00f3nicos a trav\u00e9s de nuestro sitio con notificaciones y ofertas que consideremos relevantes para usted, estos correos electr\u00f3nicos ser\u00e1n enviados a la direcci\u00f3n que usted proporcione y podr\u00e1n ser cancelados en cualquier momento.<\/p>\n<p><strong>Estamos comprometidos a cumplir con el compromiso de mantener su informaci\u00f3n segura y confidencial bajo Las Pol\u00edticas de Privacidad del CENS 464<\/strong><\/p>\n<h2>\u00bfCu\u00e1les son tus derechos?<\/h2>\n<p>Cualquier persona tiene derecho a obtener confirmaci\u00f3n sobre si estamos tratando sus datos personales.<\/p>\n<p>Las personas interesadas tienen derecho a:<\/p>\n<ul>\n<li>Solicitar el acceso a los datos personales relativos al interesado.<\/li>\n<li>Solicitar su rectificaci\u00f3n o supresi\u00f3n.<\/li>\n<li>Solicitar la portabilidad de los datos.<\/li>\n<\/ul>\n<h2>\u00bfPor cuanto tiempo se conservaremos tus datos?<\/h2>\n<p>Los datos personales proporcionados se conservar\u00e1n:<\/p>\n<ul>\n<li>Mientras se mantenga la relaci\u00f3n.<\/li>\n<li>Hasta que no se solicite su supresi\u00f3n por el interesado.<\/li>\n<li>En el caso de la cookies, seg\u00fan el tiempo de vigencia de las mismas o su definici\u00f3n de eliminarlas.<\/li>\n<\/ul>\n<p class=\"has-large-font-size\"><strong>Aceptaci\u00f3n y consentimiento<\/strong><\/p>\n<p>El usuario declara haber sido informado de las condiciones sobre protecci\u00f3n de datos de car\u00e1cter personal, aceptando y consintiendo el tratamiento de los mismos en la forma y para las finalidades indicadas en esta pol\u00edtica de privacidad.<\/p>\n<p>La base legal para el tratamiento de sus datos el consentimiento, por lo cual requerimos el suyo a estas pol\u00edticas de privacidad. Adicionalmente la contrataci\u00f3n de productos y\/o servicios se basan en los t\u00e9rminos y condiciones que constan en el aviso legal<\/p>\n<h2>Responsable del tratamiento de datos.<\/h2>\n<ul>\n<li>Identidad del Responsable: Fundaci\u00f3n UOCRA<\/li>\n<li>Nombre Comercial: CENS 464<\/li>\n<li>Direcci\u00f3n: Las Heras 47<\/li>\n<li>Correo Electr\u00f3nico: consultas.cens@uocraseccionalbahiablanca.com.ar<\/li>\n<\/ul>\n<h2>Enlaces a Terceros<\/h2>\n<p>Este sitio web pudiera contener en laces a otros sitios que pudieran ser de su inter\u00e9s. Una vez que usted de clic en estos enlaces y abandone nuestra p\u00e1gina, ya no tenemos control sobre al sitio al que es redirigido y por lo tanto no somos responsables de los t\u00e9rminos o privacidad ni de la protecci\u00f3n de sus datos en esos otros sitios terceros. Dichos sitios est\u00e1n sujetos a sus propias pol\u00edticas de privacidad por lo cual es recomendable que los consulte para confirmar que usted est\u00e1 de acuerdo con estas.<\/p>\n<\/div>\n<\/div>\n<\/div>\n<\/div>\n<\/div>\n<\/section>\t\t\t\t\t\t\t\t<\/div>\n\t\t\t\t<\/div>\n\t\t\t\t\t<\/div>\n\t\t<\/div>\n\t\t\t\t\t<\/div>\n\t\t<\/section>\n\t\t\t\t<\/div>\n\t\t","protected":false},"excerpt":{"rendered":"<p>Pol\u00edtica de privacidad Pol\u00edtica y privacidad CENS N\u00b0464 Las Pol\u00edticas de Privacidad del CENS establecen los t\u00e9rminos en que uocraseccionalbahiablanca.com.ar\/cens464 usa y protege la informaci\u00f3n que es proporcionada por sus usuarios al momento de utilizar su sitio web. Estamos comprometidos &hellip; <\/p>\n","protected":false},"author":6,"featured_media":0,"parent":0,"menu_order":0,"comment_status":"closed","ping_status":"closed","template":"","meta":{"om_disable_all_campaigns":false,"_monsterinsights_skip_tracking":false,"_monsterinsights_sitenote_active":false,"_monsterinsights_sitenote_note":"","_monsterinsights_sitenote_category":0,"_uf_show_specific_survey":0,"_uf_disable_surveys":false,"_joinchat":[],"footnotes":""},"class_list":["post-20148","page","type-page","status-publish","hentry"],"yoast_head":"<!-- This site is optimized with the Yoast SEO Premium plugin v23.6 (Yoast SEO v27.5) - https:\/\/yoast.com\/product\/yoast-seo-premium-wordpress\/ -->\n<title>Privacidad - Fundaci\u00f3n UOCRA<\/title>\n<meta name=\"robots\" content=\"index, follow, max-snippet:-1, max-image-preview:large, max-video-preview:-1\" \/>\n<link rel=\"canonical\" href=\"https:\/\/uocraseccionalbahiablanca.com.ar\/cens464\/privacidad\/\" \/>\n<meta property=\"og:locale\" content=\"es_ES\" \/>\n<meta property=\"og:type\" content=\"article\" \/>\n<meta property=\"og:title\" content=\"Privacidad\" \/>\n<meta property=\"og:description\" content=\"Pol\u00edtica de privacidad Pol\u00edtica y privacidad CENS N\u00b0464 Las Pol\u00edticas de Privacidad del CENS establecen los t\u00e9rminos en que uocraseccionalbahiablanca.com.ar\/cens464 usa y protege la informaci\u00f3n que es proporcionada por sus usuarios al momento de utilizar su sitio web. Estamos comprometidos &hellip;\" \/>\n<meta property=\"og:url\" content=\"https:\/\/uocraseccionalbahiablanca.com.ar\/cens464\/privacidad\/\" \/>\n<meta property=\"og:site_name\" content=\"Fundaci\u00f3n UOCRA\" \/>\n<meta property=\"article:modified_time\" content=\"2023-07-03T11:55:14+00:00\" \/>\n<meta property=\"og:image\" content=\"https:\/\/uocraseccionalbahiablanca.com.ar\/cens464\/wp-content\/uploads\/2023\/02\/Diseno-sin-titulo-1.png\" \/>\n\t<meta property=\"og:image:width\" content=\"1920\" \/>\n\t<meta property=\"og:image:height\" content=\"1080\" \/>\n\t<meta property=\"og:image:type\" content=\"image\/png\" \/>\n<meta name=\"twitter:card\" content=\"summary_large_image\" \/>\n<meta name=\"twitter:label1\" content=\"Tiempo de lectura\" \/>\n\t<meta name=\"twitter:data1\" content=\"3 minutos\" \/>\n<script type=\"application\/ld+json\" class=\"yoast-schema-graph\">{\"@context\":\"https:\\\/\\\/schema.org\",\"@graph\":[{\"@type\":\"WebPage\",\"@id\":\"https:\\\/\\\/uocraseccionalbahiablanca.com.ar\\\/cens464\\\/privacidad\\\/\",\"url\":\"https:\\\/\\\/uocraseccionalbahiablanca.com.ar\\\/cens464\\\/privacidad\\\/\",\"name\":\"Privacidad - Fundaci\u00f3n UOCRA\",\"isPartOf\":{\"@id\":\"https:\\\/\\\/uocraseccionalbahiablanca.com.ar\\\/cens464\\\/#website\"},\"datePublished\":\"2023-07-03T10:12:48+00:00\",\"dateModified\":\"2023-07-03T11:55:14+00:00\",\"breadcrumb\":{\"@id\":\"https:\\\/\\\/uocraseccionalbahiablanca.com.ar\\\/cens464\\\/privacidad\\\/#breadcrumb\"},\"inLanguage\":\"es\",\"potentialAction\":[{\"@type\":\"ReadAction\",\"target\":[\"https:\\\/\\\/uocraseccionalbahiablanca.com.ar\\\/cens464\\\/privacidad\\\/\"]}]},{\"@type\":\"BreadcrumbList\",\"@id\":\"https:\\\/\\\/uocraseccionalbahiablanca.com.ar\\\/cens464\\\/privacidad\\\/#breadcrumb\",\"itemListElement\":[{\"@type\":\"ListItem\",\"position\":1,\"name\":\"Portada\",\"item\":\"https:\\\/\\\/uocraseccionalbahiablanca.com.ar\\\/cens464\\\/\"},{\"@type\":\"ListItem\",\"position\":2,\"name\":\"Privacidad\"}]},{\"@type\":\"WebSite\",\"@id\":\"https:\\\/\\\/uocraseccionalbahiablanca.com.ar\\\/cens464\\\/#website\",\"url\":\"https:\\\/\\\/uocraseccionalbahiablanca.com.ar\\\/cens464\\\/\",\"name\":\"CENS 464\",\"description\":\"CENS 464 Bah\u00eda Blanca | Fundaci\u00f3n UOCRA\",\"publisher\":{\"@id\":\"https:\\\/\\\/uocraseccionalbahiablanca.com.ar\\\/cens464\\\/#organization\"},\"alternateName\":\"Fundaci\u00f3n UOCRA\",\"potentialAction\":[{\"@type\":\"SearchAction\",\"target\":{\"@type\":\"EntryPoint\",\"urlTemplate\":\"https:\\\/\\\/uocraseccionalbahiablanca.com.ar\\\/cens464\\\/?s={search_term_string}\"},\"query-input\":{\"@type\":\"PropertyValueSpecification\",\"valueRequired\":true,\"valueName\":\"search_term_string\"}}],\"inLanguage\":\"es\"},{\"@type\":\"Organization\",\"@id\":\"https:\\\/\\\/uocraseccionalbahiablanca.com.ar\\\/cens464\\\/#organization\",\"name\":\"CENS 464\",\"url\":\"https:\\\/\\\/uocraseccionalbahiablanca.com.ar\\\/cens464\\\/\",\"logo\":{\"@type\":\"ImageObject\",\"inLanguage\":\"es\",\"@id\":\"https:\\\/\\\/uocraseccionalbahiablanca.com.ar\\\/cens464\\\/#\\\/schema\\\/logo\\\/image\\\/\",\"url\":\"https:\\\/\\\/uocraseccionalbahiablanca.com.ar\\\/cens464\\\/wp-content\\\/uploads\\\/2023\\\/06\\\/Logo-UOCRA.png\",\"contentUrl\":\"https:\\\/\\\/uocraseccionalbahiablanca.com.ar\\\/cens464\\\/wp-content\\\/uploads\\\/2023\\\/06\\\/Logo-UOCRA.png\",\"width\":500,\"height\":500,\"caption\":\"CENS 464\"},\"image\":{\"@id\":\"https:\\\/\\\/uocraseccionalbahiablanca.com.ar\\\/cens464\\\/#\\\/schema\\\/logo\\\/image\\\/\"}}]}<\/script>\n<!-- \/ Yoast SEO Premium plugin. -->","yoast_head_json":{"title":"Privacidad - Fundaci\u00f3n UOCRA","robots":{"index":"index","follow":"follow","max-snippet":"max-snippet:-1","max-image-preview":"max-image-preview:large","max-video-preview":"max-video-preview:-1"},"canonical":"https:\/\/uocraseccionalbahiablanca.com.ar\/cens464\/privacidad\/","og_locale":"es_ES","og_type":"article","og_title":"Privacidad","og_description":"Pol\u00edtica de privacidad Pol\u00edtica y privacidad CENS N\u00b0464 Las Pol\u00edticas de Privacidad del CENS establecen los t\u00e9rminos en que uocraseccionalbahiablanca.com.ar\/cens464 usa y protege la informaci\u00f3n que es proporcionada por sus usuarios al momento de utilizar su sitio web. Estamos comprometidos &hellip;","og_url":"https:\/\/uocraseccionalbahiablanca.com.ar\/cens464\/privacidad\/","og_site_name":"Fundaci\u00f3n UOCRA","article_modified_time":"2023-07-03T11:55:14+00:00","og_image":[{"width":1920,"height":1080,"url":"https:\/\/uocraseccionalbahiablanca.com.ar\/cens464\/wp-content\/uploads\/2023\/02\/Diseno-sin-titulo-1.png","type":"image\/png"}],"twitter_card":"summary_large_image","twitter_misc":{"Tiempo de lectura":"3 minutos"},"schema":{"@context":"https:\/\/schema.org","@graph":[{"@type":"WebPage","@id":"https:\/\/uocraseccionalbahiablanca.com.ar\/cens464\/privacidad\/","url":"https:\/\/uocraseccionalbahiablanca.com.ar\/cens464\/privacidad\/","name":"Privacidad - Fundaci\u00f3n UOCRA","isPartOf":{"@id":"https:\/\/uocraseccionalbahiablanca.com.ar\/cens464\/#website"},"datePublished":"2023-07-03T10:12:48+00:00","dateModified":"2023-07-03T11:55:14+00:00","breadcrumb":{"@id":"https:\/\/uocraseccionalbahiablanca.com.ar\/cens464\/privacidad\/#breadcrumb"},"inLanguage":"es","potentialAction":[{"@type":"ReadAction","target":["https:\/\/uocraseccionalbahiablanca.com.ar\/cens464\/privacidad\/"]}]},{"@type":"BreadcrumbList","@id":"https:\/\/uocraseccionalbahiablanca.com.ar\/cens464\/privacidad\/#breadcrumb","itemListElement":[{"@type":"ListItem","position":1,"name":"Portada","item":"https:\/\/uocraseccionalbahiablanca.com.ar\/cens464\/"},{"@type":"ListItem","position":2,"name":"Privacidad"}]},{"@type":"WebSite","@id":"https:\/\/uocraseccionalbahiablanca.com.ar\/cens464\/#website","url":"https:\/\/uocraseccionalbahiablanca.com.ar\/cens464\/","name":"CENS 464","description":"CENS 464 Bah\u00eda Blanca | Fundaci\u00f3n UOCRA","publisher":{"@id":"https:\/\/uocraseccionalbahiablanca.com.ar\/cens464\/#organization"},"alternateName":"Fundaci\u00f3n UOCRA","potentialAction":[{"@type":"SearchAction","target":{"@type":"EntryPoint","urlTemplate":"https:\/\/uocraseccionalbahiablanca.com.ar\/cens464\/?s={search_term_string}"},"query-input":{"@type":"PropertyValueSpecification","valueRequired":true,"valueName":"search_term_string"}}],"inLanguage":"es"},{"@type":"Organization","@id":"https:\/\/uocraseccionalbahiablanca.com.ar\/cens464\/#organization","name":"CENS 464","url":"https:\/\/uocraseccionalbahiablanca.com.ar\/cens464\/","logo":{"@type":"ImageObject","inLanguage":"es","@id":"https:\/\/uocraseccionalbahiablanca.com.ar\/cens464\/#\/schema\/logo\/image\/","url":"https:\/\/uocraseccionalbahiablanca.com.ar\/cens464\/wp-content\/uploads\/2023\/06\/Logo-UOCRA.png","contentUrl":"https:\/\/uocraseccionalbahiablanca.com.ar\/cens464\/wp-content\/uploads\/2023\/06\/Logo-UOCRA.png","width":500,"height":500,"caption":"CENS 464"},"image":{"@id":"https:\/\/uocraseccionalbahiablanca.com.ar\/cens464\/#\/schema\/logo\/image\/"}}]}},"_links":{"self":[{"href":"https:\/\/uocraseccionalbahiablanca.com.ar\/cens464\/wp-json\/wp\/v2\/pages\/20148","targetHints":{"allow":["GET"]}}],"collection":[{"href":"https:\/\/uocraseccionalbahiablanca.com.ar\/cens464\/wp-json\/wp\/v2\/pages"}],"about":[{"href":"https:\/\/uocraseccionalbahiablanca.com.ar\/cens464\/wp-json\/wp\/v2\/types\/page"}],"author":[{"embeddable":true,"href":"https:\/\/uocraseccionalbahiablanca.com.ar\/cens464\/wp-json\/wp\/v2\/users\/6"}],"replies":[{"embeddable":true,"href":"https:\/\/uocraseccionalbahiablanca.com.ar\/cens464\/wp-json\/wp\/v2\/comments?post=20148"}],"version-history":[{"count":16,"href":"https:\/\/uocraseccionalbahiablanca.com.ar\/cens464\/wp-json\/wp\/v2\/pages\/20148\/revisions"}],"predecessor-version":[{"id":20165,"href":"https:\/\/uocraseccionalbahiablanca.com.ar\/cens464\/wp-json\/wp\/v2\/pages\/20148\/revisions\/20165"}],"wp:attachment":[{"href":"https:\/\/uocraseccionalbahiablanca.com.ar\/cens464\/wp-json\/wp\/v2\/media?parent=20148"}],"curies":[{"name":"wp","href":"https:\/\/api.w.org\/{rel}","templated":true}]}}